{"id":310,"date":"2018-10-04T14:45:29","date_gmt":"2018-10-04T14:45:29","guid":{"rendered":"http:\/\/arrangement-group.de\/?page_id=310"},"modified":"2026-04-26T14:57:22","modified_gmt":"2026-04-26T12:57:22","slug":"wirtschaftswissenschaften","status":"publish","type":"page","link":"https:\/\/arrangement-group.de\/?page_id=310","title":{"rendered":"Meine Angebote f\u00fcr Nachhilfe"},"content":{"rendered":"\n<p>Nachhilfe ist eine wichtige Investition in die Zukunft Ihres Kindes, aber k\u00fcnftig m\u00fcssen alle noch etwas in ihre eigene Bildung investieren.<\/p>\n\n\n\n<p>Die Bedeutung der allgemeinen Bildung wird in den n\u00e4chsten Wochen f\u00fcr jeden durch Kurzarbeit deutlich zunehmen und die Kosten werden ansteigen.<\/p>\n\n\n\n<p>Eine Nachhilfestunde f\u00fcr Sch\u00fcler und Sch\u00fclerinnen kostet im Schuljahr 2025\/2026 \u00fcbrigens 25 Euro pro 60 Minuten und das bei Ihnen zu Hause in der Region. Terminanfragen per E-Mail unter auer@arrangement-group.de <\/p>\n\n\n\n<p>Mein Angebot betrifft k\u00fcnftig alle Alterszielgruppen von den Sch\u00fclern bis hin zu den Rentnern und das wird nicht nur von der aktuellen Energiekrise befeuert.<\/p>\n\n\n\n<p>Unser Bildungssystem ging seit den neunziger Jahren best\u00e4ndig den Bach hinunter und reicht heute nicht mehr daf\u00fcr aus, um sich in der gerade sehr rasch ver\u00e4ndernden Welt \u00fcber Wasser halten zu k\u00f6nnen. <\/p>\n\n\n\n<p>Neben der Nachhilfe f\u00fcr Sch\u00fcler gibt es seit diesem Jahr auch ein Coaching f\u00fcr Eltern und Unternehmen, weil die Eltern einen Arbeitsplatz ben\u00f6tigen, um die Nachhilfe ihrer Kinder bezahlen zu k\u00f6nnen und die mittelst\u00e4ndischen Firmen brauchen neue Kunden, um die Eltern entlohnen zu k\u00f6nnen.<\/p>\n\n\n","protected":false},"excerpt":{"rendered":"<p>Nachhilfe ist eine wichtige Investition in die Zukunft Ihres Kindes, aber k\u00fcnftig m\u00fcssen alle noch etwas in ihre eigene Bildung investieren. Die Bedeutung der allgemeinen Bildung wird in den n\u00e4chsten Wochen f\u00fcr jeden durch Kurzarbeit deutlich zunehmen und die Kosten werden ansteigen. Eine Nachhilfestunde f\u00fcr Sch\u00fcler und Sch\u00fclerinnen kostet im Schuljahr 2025\/2026 \u00fcbrigens 25 Euro [&hellip;]<\/p>\n","protected":false},"author":1,"featured_media":13665,"parent":0,"menu_order":0,"comment_status":"closed","ping_status":"closed","template":"","meta":{"powered_cache_disable_cache":false,"footnotes":""},"class_list":["post-310","page","type-page","status-publish","has-post-thumbnail","hentry"],"_links":{"self":[{"href":"https:\/\/arrangement-group.de\/index.php?rest_route=\/wp\/v2\/pages\/310","targetHints":{"allow":["GET"]}}],"collection":[{"href":"https:\/\/arrangement-group.de\/index.php?rest_route=\/wp\/v2\/pages"}],"about":[{"href":"https:\/\/arrangement-group.de\/index.php?rest_route=\/wp\/v2\/types\/page"}],"author":[{"embeddable":true,"href":"https:\/\/arrangement-group.de\/index.php?rest_route=\/wp\/v2\/users\/1"}],"replies":[{"embeddable":true,"href":"https:\/\/arrangement-group.de\/index.php?rest_route=%2Fwp%2Fv2%2Fcomments&post=310"}],"version-history":[{"count":20,"href":"https:\/\/arrangement-group.de\/index.php?rest_route=\/wp\/v2\/pages\/310\/revisions"}],"predecessor-version":[{"id":35221,"href":"https:\/\/arrangement-group.de\/index.php?rest_route=\/wp\/v2\/pages\/310\/revisions\/35221"}],"wp:featuredmedia":[{"embeddable":true,"href":"https:\/\/arrangement-group.de\/index.php?rest_route=\/wp\/v2\/media\/13665"}],"wp:attachment":[{"href":"https:\/\/arrangement-group.de\/index.php?rest_route=%2Fwp%2Fv2%2Fmedia&parent=310"}],"curies":[{"name":"wp","href":"https:\/\/api.w.org\/{rel}","templated":true}]}}